/(-24). Suppose 238 = 4*b - f*b. What is the remainder when b is divided by 30?
29
Suppose -60*f - 14354 = 30*f - 84644. Calculate the remainder when f is divided by 242.
55
Let q(j) = 93*j + 772. Calculate the remainder when 40 is divided by q(-8).
12
Let g(w) = -w**3 - 95*w**2 + 52*w - 95. Calculate the remainder when g(-96) is divided by 17.
15
Let m = -64 - -74. Suppose m = 5*w - 5*u, w + 4*u = -2*w - 8. Let x(d) = d**3 - d**2 - 4*d + 59. What is the remainder when x(w) is divided by 31?
28
Let x = 915 + -271. What is the remainder when x is divided by 34?
32
Suppose 0 = -5*s + 3*o + 18273, -577*o + 7307 = 2*s - 576*o. What is the remainder when s is divided by 729?
9
Let r be 62/(-3) - (-8)/12. What is the remainder when r/(-3) + 8/(-12) is divided by 2*(-2 + ((-420)/(-24))/7)?
0
Suppose 7329 - 1299 = 9*u. Let g = u - 323. What is the remainder when g is divided by 70?
67
Calculate the remainder when -7 + (-245)/(-25) + -3 + 18948/15 is divided by 220.
163
Let g(n) = n**3 - 23*n**2 - 76*n + 13. Calculate the remainder when g(26) is divided by 33.
32
Suppose -19 = -0*f + f + 5*w, w = -f - 7. Suppose -2*g - 30 = -4*x, 3*g - 5*x = -0*g - 42. Let j = f - g. Calculate the remainder when 8 is divided by j.
3
Suppose -4*v - 21 + 69 = 4*m, 2*m + 5*v - 24 = 0. Calculate the remainder when 54 is divided by m.
6
Let a(g) = -g**3 - 5*g**2 + 2*g - 14. Let h be (-11 - -9) + -1 + 1. What is the remainder when ((-24)/h)/(4/8) is divided by a(-6)?
4
Let o(t) = t - 5. Let j be o(-3). Let w be 0/(1/((-4)/j)). Suppose 195 = -w*a + 3*a. Calculate the remainder when a is divided by 17.
14
Let y(j) = j**2 - 3*j + 24. Let r be y(22). Suppose -22 = 20*w - r. Calculate the remainder when w is divided by 6.
3
Let s be (-531)/(-2) - 14/(-28). Let o = -88 + s. Calculate the remainder when o is divided by 15.
13
Let d(z) = -z**3 + 2*z**2 + z. Let c be d(2). Suppose 5*u + 27 = o, -o + 5*o + 2*u + c = 0. What is the remainder when o - -3 - 4 - 31*-5 is divided by 32?
28
Suppose -17*q = -12*q + 5*m - 2290, -3*q + 2*m = -1384. Calculate the remainder when q is divided by 83.
45
Suppose -f - 132 = -4*j, 9*j = 5*j + 4*f + 120. Calculate the remainder when 196 is divided by j.
26
Calculate the remainder when 1527 is divided by -30*((-22)/4 + 5).
12
Suppose 43 + 80 = 3*j. Calculate the remainder when j is divided by ((-1845)/164)/((-6)/8).
11
Let t be (264/55)/((-10)/(-25)). Suppose 44 + t = 7*x. What is the remainder when 13 is divided by x?
5
Suppose -1820*a + 688 = -1777*a. Suppose -n = 2 - 4. Suppose 0 = -2*o - n, -371 = -2*l - 3*l - 4*o. Calculate the remainder when l is divided by a.
11
Suppose 7*w = 9*w - 6. Suppose 4*l = 47 - w. Let v(g) = 5*g - 14. Calculate the remainder when v(l) is divided by 7.
6
Let h(f) = f**3 + f**2 + 2*f - 1. Let t(q) = 4*q**3 + 11*q**2 - 5*q - 86. Let z(i) = -3*h(i) + t(i). What is the remainder when 108 is divided by z(-6)?
53
Let i = -2317 - -2911. What is the remainder when i is divided by 26?
22
Suppose 0 = 65*u - 70*u + 1300. Calculate the remainder when (0 - -2)/(-1) + 6 + u is divided by 53.
52
Let y(f) = 10*f**2 + 9*f - 16. Let l = -1 + -7. Let k be y(l). Calculate the remainder when 6/8 - k/(-32) is divided by 10.
8
Let b(h) = 65*h + 3988. What is the remainder when b(-56) is divided by 111?
15
Let j(u) be the first derivative of u**4/4 - 22*u**3/3 - 23*u**2/2 + 146*u - 111. What is the remainder when j(23) is divided by 17?
10
Suppose -9*s - 4 = -10*s. Suppose -k + 3*d - 18 = 1, -s*k - 4*d - 92 = 0. Let q = k - -58. Calculate the remainder when q is divided by 13.
10
Let c = -25196 + 25370. Calculate the remainder when 6611 is divided by c.
173
Suppose -d + 3*d - 10 = 0. Suppose 3*m - i - 4*i + 18 = 0, 3*i - 46 = d*m. What is the remainder when m + 7 + (44 - 1) is divided by 14?
11
Suppose 0 = 35*w + 64 - 64. Suppose m - 2*t - 27 = w, m + 108 = 5*m - 3*t. Let l(n) = 78*n - 1. Calculate the remainder when l(1) is divided by m.
23
Let x = -3576 - -3697. Calculate the remainder when 363 is divided by x.
0
Let r(m) = 6*m**2 + 7*m + 5 + 3*m**2 + 3 - 23*m. What is the remainder when r(3) is divided by 31?
10
Let o(h) = -3*h**3 + 4*h**2 + 22*h + 68. What is the remainder when 274 is divided by o(-3)?
36
Let b be ((-1818)/15)/(-6) + (-2)/10. Suppose -118*j + 123*j = -b. Let u = j + 22. What is the remainder when u is divided by 7?
4
Suppose 0 = -4*r + r + 5*o + 247, 0 = 2*r - o - 167. Suppose 0 = -i - 2*i + r. What is the remainder when i is divided by (-3)/9 - (4 + (-40)/3)?
1
Let n(f) = -5436*f + 10951. Let u(v) = 155*v**3 - v. Calculate the remainder when u(1) is divided by n(2).
75
Suppose -30 - 26 = -2*r. Let i(s) = s**3 + 22*s**2 - 36*s - 77. What is the remainder when i(-23) is divided by r?
26
Let b = 178 - 175. Suppose -3*l - 5*w + 867 = -3*w, -b*l - w = -870. Calculate the remainder when l is divided by 49.
46
Suppose -3*x = 5*p - 8*x - 15, 2*p - 3*x = 7. Suppose 2*r + r = -2*f + 16, -4*r + 24 = p*f. What is the remainder when 76 is divided by r?
4
Let z = 8108 + -7752. Calculate the remainder when z is divided by 180.
176
Suppose -5*v + 598 - 113 = 0. Suppose -15*i - 32459 + 32714 = 0. Calculate the remainder when v is divided by i.
12
Let r(u) = u. Let m be r(-7). Let d = -2946 - -3014. What is the remainder when d is divided by 12/m*(-28)/4?
8
Let y(s) = -s - 1. Let b(d) = 31*d + 15. Let a(t) = -b(t) + 3*y(t). What is the remainder when 143 is divided by a(-1)?
15
Calculate the remainder when 513 is divided by -11 + 1505/28 - 1/(-4).
40
Suppose 0 = 149*y - 20*y - 1031742. Calculate the remainder when y is divided by 32.
30
Suppose -4 = -2*p + 6. Suppose -w - 7 = -p*r, -1 = 4*r - w - 6. Suppose -n + 17 + 17 = -r*s, 2*n - 52 = -4*s. Calculate the remainder when n is divided by 8.
6
Let l = -5504 + 5552. What is the remainder when l is divided by ((-6)/8)/(2/(-88))?
15
Suppose -3*o + 106 + 99 = 5*l, -4*l - 91 = -o. Let j = o - -9. Let x = 180 - j. What is the remainder when x is divided by 33?
30
Calculate the remainder when (312/30)/(6/60) is divided by 39.
26
Suppose 2831*p - 2844*p + 2353 = 0. Calculate the remainder when 581 is divided by p.
38
Suppose -134 = -10*m - 254. Calculate the remainder when (2/3)/(m/(-3042)) is divided by 86.
83
Let f = -584 - -630. Suppose -29*x + f*x = 493. What is the remainder when 107 is divided by x?
20
Let b(d) = d**3 + 16*d**2 + 53*d + 18. Let s be b(-11). Suppose s*m - 35*m + 2*i = 320, 274 = 4*m - 2*i. What is the remainder when m is divided by 5?
1
Let w = -2454 + 2483. What is the remainder when 288 is divided by w?
27
Let a(q) = q**2 - q + 22. Suppose -2255 = 25*k - 480. Let x = k + 157. Calculate the remainder when x is divided by a(0).
20
Let n = -158 - -182. Let h(w) = 5*w - 5*w + 2 - 14*w. Calculate the remainder when h(-3) is divided by n.
20
Let y = 12984 - 12972. What is the remainder when (58/(-5))/(2/(-10)) is divided by y?
10
Suppose -23 = -j - 0. Suppose 4*i = i - 3*z + 39, 2*i + 5*z = j. What is the remainder when 29 is divided by i?
1
Let x = 24 + -27. Let q(p) = -p - 9. Let a(f) = -3*f - 26. Let b(k) = -3*a(k) + 8*q(k). Calculate the remainder when 8 is divided by b(x).
2
Let v(c) = c**2 - 20*c - 200. Calculate the remainder when v(39) is divided by 42.
37
What is the remainder when 545 is divided by ((-9562)/(-84) - 1/(-6)) + -7 - -2?
0
Let d = 108 + -105. Suppose 0 = 5*p + 6*a - 4*a - 24, d*a - 10 = -p. What is the remainder when 22 is divided by p?
2
What is the remainder when 2418 is divided by 5035/570 - (-28)/24?
8
Suppose -44 = -6*r + 4*r. What is the remainder when 3/36*2523 + (0 - (-9)/12) is divided by r?
13
Suppose 0 = 17*d - 559 - 2297. What is the remainder when 1037 is divided by d?
29
Suppose -48*z + 7280 = -34*z. What is the remainder when z is divided by 29?
27
Suppose 4*c = 185 + 91. Calculate the remainder when c is divided by 40/(-15)*42*1/(-16).
6
Let u(d) = 6*d**2 - 155*d + 918. What is the remainder when 7285 is divided by u(17)?
9
Suppose 30 = -63*r + 60*r. Let q = 26 + r. Suppose -h - q = -p, -5*p = -3*p + 2*h - 40. What is the remainder when 50 is divided by p?
14
Calculate the remainder when 246 is divided by (-2872)/(-40) + (-52)/65.
33
Let k(h) = h**3 - 2*h**2 + 2*h - 3. Let a be (-2)/(-1)*1 - 0/5. Let u be k(a). Calculate the remainder wh